n (q/95)/((-1)/10) is divided by 3.
0
Let b(o) = -82*o**3 - 2*o - 2. Let k = -8373 - -8446. Calculate the remainder when b(-1) is divided by k.
9
What is the remainder when 327 is divided by 26/221 - (-797)/17?
45
Suppose -5*g - 155 = -5*v, 5*v + 11*g = 9*g + 190. Let i(w) = w**3 - 6*w**2 + 3*w - 8. Calculate the remainder when v is divided by i(6).
6
Let h = 5751 - 5545. Calculate the remainder when 2690 is divided by h.
12
Let w(k) = -3*k**2 + 7*k + 12. Let i be w(5). What is the remainder when 1 + 0 + (-7)/(i/328) is divided by 43?
40
Suppose -4*t + 512 = t + 3*q, -2*t + 209 = -3*q. Let x = t - 99. Suppose 5 = 2*g - g + 3*p, 5*g + p - 53 = 0. Calculate the remainder when g is divided by x.
3
Suppose -5*l + 1581 = -4*g + 550, -4*l - g + 829 = 0. Let m = l + -167. What is the remainder when 122 is divided by m?
2
Suppose 34*y - 1481 = 18885. Suppose -w + 107 = -y. What is the remainder when w is divided by 12?
10
Let w(f) = -f**2 + 83*f - 682. Calculate the remainder when w(51) is divided by 61.
35
Let o = -484 - -496. Suppose 0 = 4*n + o - 108. Calculate the remainder when 31 is divided by n.
7
Let o(d) = 7*d - 26. Let v be o(6). Suppose -n = 2*z - 298, -17*n + 302 = -v*n + 4*z. What is the remainder when n is divided by 11?
8
Let o be 19/95 - ((-12)/15 - 3). Suppose 3*w = -6*d + 10*d + 52, 3*d = o*w - 74. What is the remainder when 59 is divided by w?
19
Let p = 108 + -54. Suppose -6*m = 53*m - 2301. Let j = p - m. What is the remainder when 57 is divided by j?
12
Let r = 9527 - 8757. What is the remainder when r is divided by 90?
50
Suppose 9*m - 105 = 4*m. Let u = -483 + 508. Suppose -2*c = -5*x + 66, x + 10 = c + u. What is the remainder when m is divided by x?
9
Suppose 0 = 10*x - 4*x - 1458. Suppose 5*o - p = x + 346, -5*o - 3*p + 573 = 0. Let r(g) = 2*g**2 - 9*g - 32. Calculate the remainder when o is divided by r(8).
21
Suppose 0*x - 5*b = x + 9, 2*x = b - 62. Calculate the remainder when 123 is divided by (x - -30)/((-2)/(-6)).
0
Suppose 16*j = -15*j + 14*j - 4165. Let a be 67*(-1)/(1 + 0). Let m = a - j. What is the remainder when m is divided by 20?
18
Let y = 7757 - 6068. Calculate the remainder when y is divided by 6.
3
Suppose 84 = 43*z - 159 - 359. Let t = 323 - 159. Calculate the remainder when t is divided by z.
10
Suppose -3*a + x + 106 = 0, 4*a + 0*a - 173 = -5*x. Calculate the remainder when a is divided by 21.
16
Let g(y) = -y**2 - 13*y + 6. Let i be g(-13). Suppose -i*s - s = -1071. What is the remainder when s is divided by 54/(-189) + -1 + 107/7?
13
Calculate the remainder when 5/((-15)/(-18)) - (-701 + -5 + 0) is divided by 310.
92
Suppose 0 = 6*r - r - 10. Suppose -r*i = s - 2 + 26, 0 = -s + 3*i - 4. Let a = s - -29. What is the remainder when a is divided by 8?
5
Let g = 310 - 51. Suppose 4*h = h + 2*c + 251, 0 = -3*h + 4*c + g. Suppose -9*d = -206 - 46. Calculate the remainder when h is divided by d.
25
Let w be (30/(-18) - -2)*15. Suppose 0 = -2*a - n - 3*n + 94, -3*a + w*n = -86. What is the remainder when a is divided by 19?
18
Let o(w) = -w**3 - 10*w**2 + 19*w + 8. What is the remainder when 112 is divided by o(-12)?
44
What is the remainder when 209/(-57) + (-34764)/(-9) is divided by 56?
51
Suppose -57*h + 54*h = -234. Calculate the remainder when 84 is divided by h.
6
Let z = -522 - -748. What is the remainder when z is divided by 1/4*(26 - (-262 + -16))?
74
Let t be -1 - 6/(-4) - 87/(-2). Let z = 74 - t. What is the remainder when 116 is divided by z?
26
Let d(q) = -16*q - 145. Let m(f) = -15*f - 140. Let u(t) = -3*d(t) + 2*m(t). Let j = 14 + -6. Calculate the remainder when u(-7) is divided by j.
5
What is the remainder when (-14 - -15)*153 - -13 is divided by 3?
1
Let h be (-21 - (2 + -5))*(-3)/6. Suppose -2*v + 10 = -m - 18, -3*v = -h. Let o = m - -30. Calculate the remainder when 23 is divided by o.
7
Let m be ((-168)/(-16) - 2/(-4)) + -3. Suppose m - 22 = -7*c. Suppose -w - 314 = -c*d, 4*d - 471 = d + 3*w. Calculate the remainder when d is divided by 20.
17
Let y = 179 - 224. What is the remainder when 6/y - (-3310)/75 is divided by 12?
8
Let h = -1303 + 1125. Let z = h - -276. What is the remainder when z is divided by 84/8 + 2/4?
10
Let o be 182/(-2) + (0 - -2). Let y = o + 145. Calculate the remainder when y is divided by 896/60 + (-1)/(-15).
11
Let j(b) = b**3 + 33*b**2 + 129*b - 274. What is the remainder when 102 is divided by j(-28)?
0
Let a(j) be the first derivative of 5*j**2 - 22*j - 16. Let p = 24 - -9. What is the remainder when p is divided by a(4)?
15
Suppose 1448 - 5166 = -44*c + 6446. Calculate the remainder when c is divided by 199.
32
Suppose -611 - 614 = 35*w. Let z(u) = 2*u**2 - 6*u - 3. Calculate the remainder when -7*(55/w + -5) is divided by z(5).
12
Let x(n) = -2*n - 4. Let w be x(-4). Let g(p) = p + 7*p + 9*p - 4*p**3 - 6*p**2 - 19*p + 6*p**3 + 8. Calculate the remainder when 61 is divided by g(w).
29
Suppose 5*l = 11*l - 60. Suppose 0*z + l = -2*z, -533 = -3*h - 2*z. Suppose 15 = 4*p - h. Calculate the remainder when p is divided by 25.
24
Let g = 10779 + -10764. Calculate the remainder when 457 is divided by g.
7
Suppose -25*w + 21*w + 704 = 2*v, -5*w = 2*v - 877. What is the remainder when 1556 is divided by w?
172
Let g(z) be the first derivative of -z**3/3 - 15*z**2 - 39*z - 86. Calculate the remainder when g(-24) is divided by 12.
9
Let n = 514 - 69. What is the remainder when n is divided by 75?
70
Let z(s) = -11*s + 2. Let g be 14/91 + 2/(-13). Suppose 5*m - 6*m + 17 = g. Calculate the remainder when m is divided by z(-1).
4
Let s(c) = -35*c - 7. Let t = 10 + -8. Suppose -5*w + 5*q + 40 = 0, -4*q - t = -0*w - w. Calculate the remainder when s(-1) is divided by w.
8
Let z(b) = 2*b**2 + 7*b - 16 + 6*b**2 + 8 + b**3 - 3. Calculate the remainder when 272 is divided by z(-4).
22
Let k(m) = m**3 + 10*m**2 + 59*m + 362. What is the remainder when 284 is divided by k(-7)?
92
Let c be 158/22 + 2/(-11) + 0. Let n(a) = a**2 - 7*a + 7. Let x be n(c). Suppose -x*v - 108 = -11*v. Calculate the remainder when 52 is divided by v.
25
Let x = 176 - 426. Let n = 337 + x. Let m = -40 - -85. Calculate the remainder when n is divided by m.
42
Suppose 6*t - 4*t - 10 = 0. Suppose 4*d = -t*m + 158, 5*d = -4 - 11. Suppose 4*n - 270 = n. What is the remainder when n is divided by m?
22
Let c = 121 + -119. Suppose -c*l + 452 = 2*l + 2*t, 0 = 5*l + 4*t - 571. What is the remainder when l is divided by 20?
11
Let g = 1461 + -1365. What is the remainder when 860 is divided by g?
92
Suppose 0 = -14*a - 2*a + 32. What is the remainder when 1 is divided by (-4)/a*3/(-6)?
0
Calculate the remainder when 3868 - 7/(-2)*2020/707 is divided by 8.
6
Suppose -60*o = 67*o - 26543. Calculate the remainder when 407 is divided by o.
198
Let z(y) be the third derivative of y**4/12 + 43*y**3/2 - 4*y**2 + 14. What is the remainder when z(-30) is divided by 18?
15
Suppose -4*g = -8*g + 84. Suppose 0 = 3*w + 2*b - 187, 5*w - 2*b = -27 + 312. Calculate the remainder when w is divided by g.
17
Let s(m) = m**2 - 14*m - 117. What is the remainder when (-6 + 7 - -6) + 139 is divided by s(-7)?
26
Let w = -126 - -111. Suppose i + v - 15 - 52 = 0, -4*i + 4*v = -236. What is the remainder when i is divided by (-6)/((-15)/36 - (-5)/w)?
7
Calculate the remainder when 1197 is divided by 33/(-132) - 301/(-4).
72
Let s = -16696 - -16893. What is the remainder when 1783 is divided by s?
10
Let w(u) = 63*u - 259. Let z be w(4). Calculate the remainder when ((z*6)/((-4)/(-2)))/(-1) is divided by 8.
5
Let f = -216 - -224. Suppose -q + 2*p = -125, 3*q = 5*p - f*p + 411. What is the remainder when q is divided by 42?
7
What is the remainder when 17 + 1 + (3264 - -25) is divided by 43?
39
Let g(c) = -2011*c + 44457. Suppose -514 = -5*s - 154. What is the remainder when g(22) is divided by s?
71
Let g(s) = s**3 - 6*s**2 + 5*s + 1198. Calculate the remainder when g(0) is divided by 200.
198
Suppose 0 = 4*k, 2*d = 2*k - k + 4. Let b(u) = 16*u - 17. Let z be b(2). Suppose -d*n + 15 = -f, 0 = f + 2*f + z. What is the remainder when 14 is divided by n?
4
Suppose -6*m + 3*r + 45 = -3*m, 4*r + 73 = 5*m. Let q be -4*4*84/(-16). Let l = -39 + q. Calculate the remainder when l is divided by m.
6
Suppose -420 = 2*k + 298. Let x = -336 - k. What i